ative of c(f). Give a(2).
-3
Let x(z) be the first derivative of -3*z**2/2 + 3*z + 1. Suppose -55*r = -5456 + 21406. Let c = 292 + r. Calculate x(c).
-3
Let v(h) = h**2 - 6*h + 10. Let i be v(5). Suppose -341 = i*z + 6*z. Let q = -27 - z. Let c(u) = -2*u - 2. Calculate c(q).
-10
Let g = -1 - 1. Let y = g + 4. Let t(n) be the third derivative of -n**4/6 + n**3/2 + 12*n**2 + 7. Give t(y).
-5
Let y(t) = 2*t**3 + 7*t**2 + t - 8. Let r = -11414 + 11409. What is y(r)?
-88
Suppose 4*x - 12 = 3*u + 20, 2*x - 5*u = 2. Let f = x - 12. Let t(d) = 16*d**3 - 6*d**3 - 4*d**3 - 3*d**3. Calculate t(f).
-3
Let q(t) = -14*t + 30. Suppose -54*a = -53*a + 1, 4*a - 41 = -5*w. What is q(w)?
-96
Let n(l) = 6*l**2 - 414*l + 7. Let a be (27/(-108))/(6/(-1656)). Determine n(a).
7
Let q = -1 + 4. Let s(x) = -5*x + 0*x**2 - x**q - 2*x + 10*x**2 - x**2. Suppose h - 8 = v, h - 3*v + 0*v = 8. Determine s(h).
8
Let i(g) = g**3 + g**2 - 3*g + 8. Suppose -2 + 2 = -65*q - 0. Determine i(q).
8
Let c(m) be the third derivative of -m + 0 + 5/24*m**4 + 9*m**2 - 1/12*m**5 + 1/120*m**6 - m**3. Calculate c(4).
-2
Let m = 2 + 0. Let i(s) be the second derivative of 4*s**3/3 - s**2/2 + 62507*s. Determine i(m).
15
Let o be -5 + 0 + (-1)/(5/5). Let p(r) = -4*r + 19. Let g(z) = 4. Let y(u) = o*g(u) + p(u). Determine y(-6).
19
Let m(n) = -n**2 - 19*n + 1236. Let r be m(-46). Let i(s) = 7*s**3 + 43*s**2 + 4*s - 5. Give i(r).
7
Let r(v) be the second derivative of -v**5/120 + 7*v**4/24 + 83*v**3/6 - 74*v. Let a(w) be the second derivative of r(w). Determine a(10).
-3
Let o(v) = -2*v**2 - v - 1. Let q(a) = -16*a - 19*a + 30*a - 4*a**2 - 3*a**2 - 35. Let c(x) = -4*o(x) + q(x). Give c(0).
-31
Let d be 2634/(-114) - 1/19*-2. Let v(b) = b**3 + 23*b**2 - b - 24. Give v(d).
-1
Suppose -s + 739 = 2*s + l, -5*s + 2*l + 1217 = 0. Let b be 25/(-3)*(-7)/(s/42). Let w(y) = y**2 - 11*y + 4. Give w(b).
-6
Let j(i) = i**2 + 4*i + 10. Suppose -r = -3*z - 24, -7*z + 12*z + 40 = 5*r. Give j(z).
42
Let d(l) = 2*l**2 + 3*l - 1. Let b(f) = 2*f + 0 - 7 + 0 - 1 - 8. Suppose 0 = -3*x + 5*k + 52, 5*x + 3*k + 1 - 31 = 0. Let w be b(x). Calculate d(w).
13
Let r(u) = u - 4. Let t = -46 - -21. Let g = -23 - t. Let i(f) = -2*f**2 + 5*f + 2. Let s be i(g). What is r(s)?
0
Suppose 802 - 378 + 1346 = -118*i. Let f(y) = y**3 + 15*y**2 + y - 11. Calculate f(i).
-26
Let l(t) = t**2 - 14*t + 35. Suppose 20 = -d + 3*d. Let k be l(d). Let h(b) = -b**2 - 5*b - 3. Determine h(k).
-3
Suppose 3*u = -2*n - 2 + 3, 3*u - 7 = 4*n. Let t be ((-1)/(-2) + 0)*6. Let k(c) = 7*c**3 - 11*c**t + 2*c**3 - c. Calculate k(n).
3
Let l(g) = g**3 + 7*g**2 - 7*g + 1. Let o(d) = 93*d - 752. Let n be o(8). Give l(n).
-7
Let l be 63 - 66 - 5/(15/(-18)). Let h(j) be the third derivative of 0*j + 1/4*j**4 + 0 + 1/6*j**l + 24*j**2. What is h(1)?
7
Let h(j) = -15*j**2 + j. Let n be h(1). Let r = n + 15. Let u be (-36)/(-9) - r/(3/21). Let i(b) = -b**2 - 3*b + 1. Determine i(u).
1
Let f(w) = -5*w - 48. Let t be f(-10). Let a(h) = h**2 + 36 - 7*h - 42 - 8*h**2 + 6*h**t. Let s be -1*(-12)/10*-5. Determine a(s).
0
Let l(t) = t**2 + t + 4. Let u(n) = 2*n - 26. Let k be ((-1)/6*-11)/(111/666). Let i be u(k). Give l(i).
16
Let y(a) = -40 + 176*a**2 + 189*a - 6*a - 7 - 172*a**2. Calculate y(-46).
-1
Let s(o) = o**3 - 10*o**2 - 3*o + 45. Let i(q) = -q**3 + 36*q**2 + q - 26. Let z be i(36). What is s(z)?
15
Let k(c) be the second derivative of -c**4/12 + 9*c**3/2 - 74*c**2 + 22*c - 5. What is k(8)?
4
Let o(t) = -16*t + 174. Let m be o(10). Let v(a) = -m*a**2 - a**3 + 17 + 255*a - 523*a + 256*a. What is v(-13)?
4
Suppose 1 = n - 2*r + 6, -3*n = -3*r + 3. Let f be -74*n/42 - 2/(-7). Let y(l) = 8*l**2 - 3*l**3 + l**2 + 4*l**3 - 4*l**2 - 7. Determine y(f).
-7
Let q(u) = 0*u + 7*u + 4*u**2 - 5*u**2. Suppose -12 = -2*s - 3*o + 5*o, -5*s + 2 = 2*o. Suppose 0*z - 16 = -s*z. Give q(z).
-8
Let g(i) = -4*i + 5. Let o(k) = 2*k + 1. Let s = -228 + 230. Let w(z) = s*o(z) - g(z). Determine w(2).
13
Suppose 53*u = 48*u + 1260. Suppose 250 - u = -2*x. Let q(j) = -6*j**2 + 2*j - 2. Determine q(x).
-6
Suppose 0 = -3*i + 3*r + 3, -i - 4*r + 14 = 4*i. Suppose 0 = -2*m - 3*y + 5*y, 3*m + i*y - 5 = 0. Let t(h) = 7*h**2 + h. Determine t(m).
8
Suppose -2*u - 2*u + 20 = 0, -140 = -5*q - 5*u. Suppose 2*s - q = -3*t, -20 + 57 = 5*t + 2*s. Suppose -t*o + 24 = 5*o. Let v(l) = l**2 - 3*l + 5. What is v(o)?
3
Let r(b) = 2*b**2 + 2*b + b**3 - b**2 - 3*b. Let h = 1249 - 1248. Let n be (-8*(-9)/(-36))/h. What is r(n)?
-2
Let y(o) = -36*o - 28*o**2 + 94*o + 1 - 55*o. Calculate y(-1).
-30
Let p(n) = n**2 + 63*n + 3. Let r(f) = -11*f + 1. Let j(a) = p(a) + 5*r(a). Calculate j(-7).
1
Let x(d) = 101660*d**2 + 16 - 2*d - 7*d - 101668*d**2 - 2*d**3 + 3*d**3. Determine x(8).
-56
Let o(t) be the second derivative of -t**8/320 - t**7/2520 + t**4/12 - 28*t**3/3 + 2*t - 32. Let j(l) be the third derivative of o(l). Give j(-1).
20
Let z(j) = -j**2 - 8*j - 13. Suppose -2*a - 4 = -2*r - 8, -r + 1 = -2*a. Give z(r).
2
Suppose -3*z - 1 = -5*p, -26*p + 2 = -25*p. Let g(x) = 81*x**3 + 12*x - 4 - 82*x**z - 11*x**2 - 2. Determine g(-12).
-6
Let v(o) = -7*o**2 + 7*o + 6. Let m(b) = -21*b - b + 19*b**2 + 3*b - 17. Let s(h) = -4*m(h) - 11*v(h). Calculate s(-2).
8
Let u(m) = m**2 - 7*m - 13. Let h(y) = 2*y**3 + 24*y**2 - 25*y + 22. Let w be h(-13). What is u(w)?
5
Let f(r) = -261*r**2 + 96*r + 73. Let a(j) = 149*j**2 - 49*j - 36. Let z(p) = -7*a(p) - 4*f(p). Give z(42).
2
Let z(b) be the second derivative of -1/20*b**5 - b**2 - 1/6*b**3 + 24 + 2*b + 5/12*b**4. Calculate z(3).
13
Suppose -25*b + 19*b - 24 = -14*b. Let q(j) be the first derivative of 1/3*j**b + 2*j + 9 + 0*j**2. Calculate q(-3).
11
Let l(n) = 2*n**3 + 221*n**2 + 109*n - 98. Let b be l(-110). Let g(y) = 7*y - 98. Determine g(b).
-14
Let a(c) be the second derivative of c**5/20 - c**4/12 - 2*c**3/3 - c**2/2 + 28*c - 2. Give a(0).
-1
Let x be 23 - ((-68)/(-20) + (-21)/(-35)). Let c(a) = 0 - 1124*a**2 + 11*a + 1123*a**2 + x. Determine c(13).
-7
Let a(x) = -3*x - 56. Suppose -2*f = -4*s - 76, -2*s - 8*f = -3*f + 26. What is a(s)?
-2
Let v = -3 - -4. Suppose 9*h + 141 = 1347. Let r(c) = -2*c + 3*c - h + 135. Calculate r(v).
2
Let r(d) be the third derivative of d**6/144 + d**5/40 + d**4/24 + 106*d**2. Let t(s) be the second derivative of r(s). Determine t(-3).
-12
Let f(q) = 2*q + 5. Suppose -u - 10 = 6*w - 3*w, 0 = -2*u - 3*w - 20. Let m be ((u - -5) + 8)*21/(-9). Determine f(m).
-9
Let h(o) = 9*o + 11. Let g(x) = 25*x + 32. Let t be 1/(2/8*(-3 - -4)). Let y(c) = t*g(c) - 11*h(c). What is y(-8)?
-1
Let u(z) = 1 - 1412*z**3 - 4 + 1413*z**3 - 6*z**2 - 7*z. Let r be (5 - 6/(-2)) + -2. Suppose -p + r*b + 7 = 3*b, -5*p + 35 = -2*b. Give u(p).
-3
Let i(u) = -u**3 + 6*u**2 - 2*u + 4. Suppose 169*q - 682 = 691 - 359. Calculate i(q).
-8
Let d(s) = 11*s + 8. Let a(f) = 21*f + 15. Let p(y) = 4*a(y) - 7*d(y). Determine p(-1).
-3
Suppose -y - 4 = -5*y. Let n = -28 + 30. Let v(i) = -2*i - i**n + 2*i + 9 + 16*i**3 - 8. Determine v(y).
16
Let n(o) = -10*o - 2. Let b(m) = 11*m + 2. Let y(j) = -5*b(j) - 6*n(j). Let k(l) = -l**3 - 4*l**2 - 12*l - 44. Let r be k(-4). Determine y(r).
22
Let q(z) be the second derivative of -5*z**3/3 - z**2/2 + 13*z + 2. Let b(t) = -52*t - 6. Let u(p) = -2*b(p) + 11*q(p). Determine u(4).
-23
Let g(i) = 72*i**2 - 726*i + 42. Let o(j) = -5*j**2 + 52*j - 2. Let q(w) = 4*g(w) + 57*o(w). Give q(-19).
-3
Let f(j) = 7*j**2 - 8*j + 19. Let q(m) = 3*m**2 - 5*m + 9. Let s(a) = 2*f(a) - 5*q(a). Let d = 48 + -40. Calculate s(d).
1
Let m(z) = -5*z + 9. Let h = -331 + 355. Suppose 3*p + 2*d - 20 = 0, 5*p + 4*d = 3*p + h. Give m(p).
-11
Let f(t) = -26*t + 26. Let g be ((-11)/(-22))/(7/14). What is f(g)?
0
Let g = -1771 + 1768. Let h(x) = 2*x**3 + 4*x**2 - x - 3. Determine h(g).
-18
Let v be ((-1548)/(-126) + -14)/((-1)/(-7)). Let h(b) = -b + 43. What is h(v)?
55
Suppose -3*w - 334 = -352. Let s(p) = p**2 - 5*p - 6. Let i be s(w). Let n(r) = r + 20. Give n(i).
20
Let g(p) = -p**3 + 45*p**2 + 41*p + 246. Let y be g(46). Let t(m) = 3*m - y*m + 4*m + 11*m - 9. What is t(0)?
-9
Let t be 126/(-1071) + ((-1524)/51 - 0). Let g(j) = j + 50. What is g(t)?
20
Let o(m) be the first derivative of 25*m**2/2 + 149*m + 1480. Give o(-6).
-1
Let f(k) = -k**2 + 7*k - 6. Let b(d) = -183*